CRAN Package Check Results for Package oceanmap

Last updated on 2021-01-25 00:48:04 CET.

Flavor Version Tinstall Tcheck Ttotal Status Flags
r-devel-linux-x86_64-debian-clang 0.1.1 16.80 163.38 180.18 OK
r-devel-linux-x86_64-debian-gcc 0.1.1 13.34 127.75 141.09 OK
r-devel-linux-x86_64-fedora-clang 0.1.1 225.80 NOTE
r-devel-linux-x86_64-fedora-gcc 0.1.1 218.87 OK
r-devel-windows-ix86+x86_64 0.1.1 47.00 246.00 293.00 NOTE
r-patched-linux-x86_64 0.1.1 15.43 150.04 165.47 OK
r-patched-solaris-x86 0.1.1 300.70 NOTE
r-release-linux-x86_64 0.1.1 14.93 148.58 163.51 OK
r-release-macos-x86_64 0.1.1 NOTE
r-release-windows-ix86+x86_64 0.1.1 41.00 240.00 281.00 NOTE
r-oldrel-macos-x86_64 0.1.1 NOTE
r-oldrel-windows-ix86+x86_64 0.1.1 31.00 188.00 219.00 NOTE

Check Details

Version: 0.1.1
Check: installed package size
Result: NOTE
     installed size is 6.2Mb
     sub-directories of 1Mb or more:
     R 1.5Mb
     test_files 4.2Mb
Flavors: r-devel-linux-x86_64-fedora-clang, r-devel-windows-ix86+x86_64, r-patched-solaris-x86, r-release-macos-x86_64, r-release-windows-ix86+x86_64, r-oldrel-macos-x86_64, r-oldrel-windows-ix86+x86_64