CRAN Package Check Results for Package omu

Last updated on 2021-01-25 00:48:04 CET.

Flavor Version Tinstall Tcheck Ttotal Status Flags
r-devel-linux-x86_64-debian-clang 1.0.4 16.86 201.46 218.32 OK
r-devel-linux-x86_64-debian-gcc 1.0.4 13.34 147.82 161.16 OK
r-devel-linux-x86_64-fedora-clang 1.0.4 261.11 OK
r-devel-linux-x86_64-fedora-gcc 1.0.4 251.02 OK
r-devel-windows-ix86+x86_64 1.0.4 39.00 212.00 251.00 OK
r-patched-linux-x86_64 1.0.4 15.82 183.28 199.10 OK
r-patched-solaris-x86 1.0.4 346.40 OK
r-release-linux-x86_64 1.0.4 15.29 187.43 202.72 OK
r-release-macos-x86_64 1.0.4 ERROR
r-release-windows-ix86+x86_64 1.0.4 44.00 244.00 288.00 OK
r-oldrel-macos-x86_64 1.0.4 OK
r-oldrel-windows-ix86+x86_64 1.0.4 29.00 210.00 239.00 OK

Check Details

Version: 1.0.4
Check: package dependencies
Result: ERROR
    Package required but not available: ‘KEGGREST’
    
    See section ‘The DESCRIPTION file’ in the ‘Writing R Extensions’
    manual.
Flavor: r-release-macos-x86_64