Last updated on 2021-01-25 00:48:04 CET.
Flavor | Version | Tinstall | Tcheck | Ttotal | Status | Flags |
---|---|---|---|---|---|---|
r-devel-linux-x86_64-debian-clang | 0.3.11 | 21.99 | 301.79 | 323.78 | OK | |
r-devel-linux-x86_64-debian-gcc | 0.3.11 | 16.61 | 211.51 | 228.12 | OK | |
r-devel-linux-x86_64-fedora-clang | 0.3.11 | 367.53 | NOTE | |||
r-devel-linux-x86_64-fedora-gcc | 0.3.11 | 256.69 | NOTE | |||
r-devel-windows-ix86+x86_64 | 0.3.11 | 40.00 | 266.00 | 306.00 | OK | |
r-patched-linux-x86_64 | 0.3.11 | 14.32 | 262.63 | 276.95 | OK | |
r-patched-solaris-x86 | 0.3.11 | 493.50 | NOTE | |||
r-release-linux-x86_64 | 0.3.11 | 18.46 | 268.79 | 287.25 | OK | |
r-release-macos-x86_64 | 0.3.11 | NOTE | ||||
r-release-windows-ix86+x86_64 | 0.3.11 | 41.00 | 312.00 | 353.00 | OK | |
r-oldrel-macos-x86_64 | 0.3.11 | NOTE | ||||
r-oldrel-windows-ix86+x86_64 | 0.3.11 | 31.00 | 271.00 | 302.00 | OK |
Version: 0.3.11
Check: dependencies in R code
Result: NOTE
Namespaces in Imports field not imported from:
‘R6’ ‘digest’ ‘dplyr’ ‘miniUI’ ‘text2vec’
All declared Imports should be used.
Flavors: r-devel-linux-x86_64-fedora-clang, r-devel-linux-x86_64-fedora-gcc, r-patched-solaris-x86, r-release-macos-x86_64, r-oldrel-macos-x86_64