Last updated on 2021-01-25 00:48:05 CET.
Flavor | Version | Tinstall | Tcheck | Ttotal | Status | Flags |
---|---|---|---|---|---|---|
r-devel-linux-x86_64-debian-clang | 4.2.3 | 129.61 | 109.54 | 239.15 | OK | |
r-devel-linux-x86_64-debian-gcc | 4.2.3 | 92.10 | 85.39 | 177.49 | OK | |
r-devel-linux-x86_64-fedora-clang | 4.2.3 | 322.65 | NOTE | |||
r-devel-linux-x86_64-fedora-gcc | 4.2.3 | 301.05 | OK | |||
r-devel-windows-ix86+x86_64 | 4.2.3 | 257.00 | 197.00 | 454.00 | OK | |
r-patched-linux-x86_64 | 4.2.3 | 112.38 | 106.87 | 219.25 | OK | |
r-patched-solaris-x86 | 4.2.3 | 324.70 | OK | |||
r-release-linux-x86_64 | 4.2.3 | 109.94 | 106.27 | 216.21 | OK | |
r-release-macos-x86_64 | 4.2.3 | NOTE | ||||
r-release-windows-ix86+x86_64 | 4.2.3 | 191.00 | 226.00 | 417.00 | OK | |
r-oldrel-macos-x86_64 | 4.2.3 | NOTE | ||||
r-oldrel-windows-ix86+x86_64 | 4.2.3 | 197.00 | 200.00 | 397.00 | OK |
Version: 4.2.3
Check: installed package size
Result: NOTE
installed size is 8.4Mb
sub-directories of 1Mb or more:
extdata 1.1Mb
libs 6.3Mb
Flavors: r-devel-linux-x86_64-fedora-clang, r-release-macos-x86_64, r-oldrel-macos-x86_64