CRAN Package Check Results for Package optBiomarker

Last updated on 2021-01-25 00:48:05 CET.

Flavor Version Tinstall Tcheck Ttotal Status Flags
r-devel-linux-x86_64-debian-clang 1.0-28 10.94 90.36 101.30 OK
r-devel-linux-x86_64-debian-gcc 1.0-28 8.73 71.60 80.33 OK
r-devel-linux-x86_64-fedora-clang 1.0-28 132.32 OK
r-devel-linux-x86_64-fedora-gcc 1.0-28 127.49 OK
r-devel-windows-ix86+x86_64 1.0-28 23.00 91.00 114.00 OK
r-patched-linux-x86_64 1.0-28 11.37 85.38 96.75 OK
r-patched-solaris-x86 1.0-28 164.90 OK
r-release-linux-x86_64 1.0-28 11.01 86.85 97.86 OK
r-release-macos-x86_64 1.0-28 ERROR
r-release-windows-ix86+x86_64 1.0-28 24.00 107.00 131.00 OK
r-oldrel-macos-x86_64 1.0-28 ERROR
r-oldrel-windows-ix86+x86_64 1.0-28 13.00 91.00 104.00 OK

Check Details

Version: 1.0-28
Check: package dependencies
Result: ERROR
    Package required but not available: ‘rpanel’
    
    See section ‘The DESCRIPTION file’ in the ‘Writing R Extensions’
    manual.
Flavors: r-release-macos-x86_64, r-oldrel-macos-x86_64