Last updated on 2021-01-25 00:48:05 CET.
Flavor | Version | Tinstall | Tcheck | Ttotal | Status | Flags |
---|---|---|---|---|---|---|
r-devel-linux-x86_64-debian-clang | 0.3.2 | 15.89 | 259.96 | 275.85 | OK | |
r-devel-linux-x86_64-debian-gcc | 0.3.2 | 13.90 | 187.40 | 201.30 | OK | |
r-devel-linux-x86_64-fedora-clang | 0.3.2 | 327.24 | NOTE | |||
r-devel-linux-x86_64-fedora-gcc | 0.3.2 | 333.29 | OK | |||
r-devel-windows-ix86+x86_64 | 0.3.2 | 38.00 | 263.00 | 301.00 | NOTE | |
r-patched-linux-x86_64 | 0.3.2 | 16.45 | 241.04 | 257.49 | OK | |
r-patched-solaris-x86 | 0.3.2 | 455.60 | NOTE | |||
r-release-linux-x86_64 | 0.3.2 | 15.66 | 242.95 | 258.61 | OK | |
r-release-macos-x86_64 | 0.3.2 | NOTE | ||||
r-release-windows-ix86+x86_64 | 0.3.2 | 53.00 | 301.00 | 354.00 | NOTE | |
r-oldrel-macos-x86_64 | 0.3.2 | NOTE | ||||
r-oldrel-windows-ix86+x86_64 | 0.3.2 | 26.00 | 256.00 | 282.00 | NOTE |
Version: 0.3.2
Check: installed package size
Result: NOTE
installed size is 8.1Mb
sub-directories of 1Mb or more:
doc 7.2Mb
Flavors: r-devel-linux-x86_64-fedora-clang, r-devel-windows-ix86+x86_64, r-patched-solaris-x86, r-release-macos-x86_64, r-release-windows-ix86+x86_64, r-oldrel-macos-x86_64, r-oldrel-windows-ix86+x86_64