Last updated on 2021-01-25 00:48:05 CET.
Flavor | Version | Tinstall | Tcheck | Ttotal | Status | Flags |
---|---|---|---|---|---|---|
r-devel-linux-x86_64-debian-clang | 0.3.6 | 6.68 | 65.01 | 71.69 | OK | |
r-devel-linux-x86_64-debian-gcc | 0.3.6 | 5.62 | 49.86 | 55.48 | OK | |
r-devel-linux-x86_64-fedora-clang | 0.3.6 | 95.96 | NOTE | |||
r-devel-linux-x86_64-fedora-gcc | 0.3.6 | 87.21 | OK | |||
r-devel-windows-ix86+x86_64 | 0.3.6 | 16.00 | 73.00 | 89.00 | NOTE | |
r-patched-linux-x86_64 | 0.3.6 | 7.14 | 61.78 | 68.92 | OK | |
r-patched-solaris-x86 | 0.3.6 | 134.20 | NOTE | |||
r-release-linux-x86_64 | 0.3.6 | 6.22 | 61.93 | 68.15 | OK | |
r-release-macos-x86_64 | 0.3.6 | NOTE | ||||
r-release-windows-ix86+x86_64 | 0.3.6 | 26.00 | 83.00 | 109.00 | NOTE | |
r-oldrel-macos-x86_64 | 0.3.6 | NOTE | ||||
r-oldrel-windows-ix86+x86_64 | 0.3.6 | 12.00 | 68.00 | 80.00 | NOTE |
Version: 0.3.6
Check: installed package size
Result: NOTE
installed size is 6.8Mb
sub-directories of 1Mb or more:
data 5.7Mb
Flavors: r-devel-linux-x86_64-fedora-clang, r-devel-windows-ix86+x86_64, r-patched-solaris-x86, r-release-macos-x86_64, r-release-windows-ix86+x86_64, r-oldrel-macos-x86_64, r-oldrel-windows-ix86+x86_64