CRAN Package Check Results for Package pacman

Last updated on 2021-01-25 00:48:05 CET.

Flavor Version Tinstall Tcheck Ttotal Status Flags
r-devel-linux-x86_64-debian-clang 0.5.1 4.42 35.14 39.56 OK
r-devel-linux-x86_64-debian-gcc 0.5.1 2.89 27.36 30.25 OK
r-devel-linux-x86_64-fedora-clang 0.5.1 55.47 NOTE
r-devel-linux-x86_64-fedora-gcc 0.5.1 48.26 OK
r-devel-windows-ix86+x86_64 0.5.1 8.00 45.00 53.00 OK
r-patched-linux-x86_64 0.5.1 3.86 37.08 40.94 OK
r-patched-solaris-x86 0.5.1 68.90 OK
r-release-linux-x86_64 0.5.1 3.87 37.00 40.87 OK
r-release-macos-x86_64 0.5.1 OK
r-release-windows-ix86+x86_64 0.5.1 8.00 54.00 62.00 OK
r-oldrel-macos-x86_64 0.5.1 OK
r-oldrel-windows-ix86+x86_64 0.5.1 6.00 46.00 52.00 OK

Check Details

Version: 0.5.1
Check: Rd cross-references
Result: NOTE
    Undeclared package ‘devtools’ in Rd xrefs
Flavor: r-devel-linux-x86_64-fedora-clang