Last updated on 2021-01-25 00:48:05 CET.
Flavor | Version | Tinstall | Tcheck | Ttotal | Status | Flags |
---|---|---|---|---|---|---|
r-devel-linux-x86_64-debian-clang | 0.5.2 | 6.42 | 58.12 | 64.54 | OK | |
r-devel-linux-x86_64-debian-gcc | 0.5.2 | 5.10 | 42.40 | 47.50 | OK | |
r-devel-linux-x86_64-fedora-clang | 0.5.2 | 81.77 | NOTE | |||
r-devel-linux-x86_64-fedora-gcc | 0.5.2 | 74.53 | NOTE | |||
r-devel-windows-ix86+x86_64 | 0.5.2 | 11.00 | 64.00 | 75.00 | OK | |
r-patched-linux-x86_64 | 0.5.2 | 5.19 | 53.36 | 58.55 | OK | |
r-patched-solaris-x86 | 0.5.2 | 96.60 | NOTE | |||
r-release-linux-x86_64 | 0.5.2 | 6.01 | 53.83 | 59.84 | OK | |
r-release-macos-x86_64 | 0.5.2 | NOTE | ||||
r-release-windows-ix86+x86_64 | 0.5.2 | 24.00 | 71.00 | 95.00 | OK | |
r-oldrel-macos-x86_64 | 0.5.2 | NOTE | ||||
r-oldrel-windows-ix86+x86_64 | 0.5.2 | 7.00 | 61.00 | 68.00 | OK |
Version: 0.5.2
Check: dependencies in R code
Result: NOTE
Namespace in Imports field not imported from: ‘iterators’
All declared Imports should be used.
Flavors: r-devel-linux-x86_64-fedora-clang, r-devel-linux-x86_64-fedora-gcc, r-patched-solaris-x86, r-release-macos-x86_64, r-oldrel-macos-x86_64