Last updated on 2021-01-25 00:48:05 CET.
Flavor | Version | Tinstall | Tcheck | Ttotal | Status | Flags |
---|---|---|---|---|---|---|
r-devel-linux-x86_64-debian-clang | 1.56.1 | 10.64 | 77.58 | 88.22 | OK | |
r-devel-linux-x86_64-debian-gcc | 1.56.1 | 8.22 | 60.36 | 68.58 | OK | |
r-devel-linux-x86_64-fedora-clang | 1.56.1 | 111.76 | NOTE | |||
r-devel-linux-x86_64-fedora-gcc | 1.56.1 | 104.78 | NOTE | |||
r-devel-windows-ix86+x86_64 | 1.56.1 | 22.00 | 130.00 | 152.00 | OK | |
r-patched-linux-x86_64 | 1.56.1 | 9.87 | 72.73 | 82.60 | OK | |
r-patched-solaris-x86 | 1.56.1 | 146.20 | OK | |||
r-release-linux-x86_64 | 1.56.1 | 10.18 | 72.73 | 82.91 | OK | |
r-release-macos-x86_64 | 1.56.1 | OK | ||||
r-release-windows-ix86+x86_64 | 1.56.1 | 18.00 | 130.00 | 148.00 | OK | |
r-oldrel-macos-x86_64 | 1.56.1 | OK | ||||
r-oldrel-windows-ix86+x86_64 | 1.56.1 | 16.00 | 125.00 | 141.00 | OK |
Version: 1.56.1
Check: compiled code
Result: NOTE
File ‘pamr/libs/pamr.so’:
Found no calls to: ‘R_registerRoutines’, ‘R_useDynamicSymbols’
It is good practice to register native routines and to disable symbol
search.
See ‘Writing portable packages’ in the ‘Writing R Extensions’ manual.
Flavors: r-devel-linux-x86_64-fedora-clang, r-devel-linux-x86_64-fedora-gcc