CRAN Package Check Results for Package pander

Last updated on 2021-01-25 00:48:05 CET.

Flavor Version Tinstall Tcheck Ttotal Status Flags
r-devel-linux-x86_64-debian-clang 0.6.3 34.93 82.12 117.05 OK
r-devel-linux-x86_64-debian-gcc 0.6.3 23.67 61.68 85.35 OK
r-devel-linux-x86_64-fedora-clang 0.6.3 157.80 OK
r-devel-linux-x86_64-fedora-gcc 0.6.3 146.52 OK
r-devel-windows-ix86+x86_64 0.6.3 80.00 117.00 197.00 OK
r-patched-linux-x86_64 0.6.3 28.58 76.87 105.45 OK
r-patched-solaris-x86 0.6.3 164.30 OK
r-release-linux-x86_64 0.6.3 30.35 78.44 108.79 OK
r-release-macos-x86_64 0.6.3 OK
r-release-windows-ix86+x86_64 0.6.3 65.00 135.00 200.00 OK
r-oldrel-macos-x86_64 0.6.3 WARN
r-oldrel-windows-ix86+x86_64 0.6.3 63.00 108.00 171.00 OK

Check Details

Version: 0.6.3
Check: re-building of vignette outputs
Result: WARN
    Error(s) in re-building vignettes:
    --- re-building ‘evals.Rmd’ using rmarkdown
    Warning in engine$weave(file, quiet = quiet, encoding = enc) :
     Pandoc (>= 1.12.3) and/or pandoc-citeproc not available. Falling back to R Markdown v1.
    Quitting from lines 13-19 (evals.Rmd)
    Error: processing vignette 'evals.Rmd' failed with diagnostics:
    package or namespace load failed for 'futile.logger' in loadNamespace(j <- i[[1L]], c(lib.loc, .libPaths()), versionCheck = vI[[j]]):
     there is no package called 'formatR'
    --- failed re-building ‘evals.Rmd’
    
    --- re-building ‘knitr.Rmd’ using rmarkdown
    Warning in engine$weave(file, quiet = quiet, encoding = enc) :
     Pandoc (>= 1.12.3) and/or pandoc-citeproc not available. Falling back to R Markdown v1.
    --- finished re-building ‘knitr.Rmd’
    
    --- re-building ‘pander.Rmd’ using rmarkdown
    Warning in engine$weave(file, quiet = quiet, encoding = enc) :
     Pandoc (>= 1.12.3) and/or pandoc-citeproc not available. Falling back to R Markdown v1.
    Loading required package: Hmisc
    Loading required package: lattice
    Loading required package: survival
    Loading required package: Formula
    Loading required package: ggplot2
    
    Attaching package: 'Hmisc'
    
    The following objects are masked from 'package:base':
    
     format.pval, units
    
    --- finished re-building ‘pander.Rmd’
    
    --- re-building ‘pandoc_table.Rmd’ using rmarkdown
    Warning in engine$weave(file, quiet = quiet, encoding = enc) :
     Pandoc (>= 1.12.3) and/or pandoc-citeproc not available. Falling back to R Markdown v1.
    --- finished re-building ‘pandoc_table.Rmd’
    
    SUMMARY: processing the following file failed:
     ‘evals.Rmd’
    
    Error: Vignette re-building failed.
    Execution halted
Flavor: r-oldrel-macos-x86_64