CRAN Package Check Results for Package parallelMap

Last updated on 2021-01-25 00:48:05 CET.

Flavor Version Tinstall Tcheck Ttotal Status Flags
r-devel-linux-x86_64-debian-clang 1.5.0 3.17 54.35 57.52 OK
r-devel-linux-x86_64-debian-gcc 1.5.0 2.35 43.80 46.15 OK
r-devel-linux-x86_64-fedora-clang 1.5.0 76.33 OK
r-devel-linux-x86_64-fedora-gcc 1.5.0 67.78 OK
r-devel-windows-ix86+x86_64 1.5.0 6.00 74.00 80.00 OK
r-patched-linux-x86_64 1.5.0 2.82 52.68 55.50 OK
r-patched-solaris-x86 1.5.0 128.60 OK
r-release-linux-x86_64 1.5.0 3.20 52.67 55.87 OK
r-release-macos-x86_64 1.5.0 NOTE
r-release-windows-ix86+x86_64 1.5.0 6.00 78.00 84.00 OK
r-oldrel-macos-x86_64 1.5.0 NOTE
r-oldrel-windows-ix86+x86_64 1.5.0 4.00 70.00 74.00 OK

Check Details

Version: 1.5.0
Check: package dependencies
Result: NOTE
    Package suggested but not available for checking: ‘Rmpi’
Flavors: r-release-macos-x86_64, r-oldrel-macos-x86_64