CRAN Package Check Results for Package parmsurvfit

Last updated on 2021-01-25 00:48:05 CET.

Flavor Version Tinstall Tcheck Ttotal Status Flags
r-devel-linux-x86_64-debian-clang 0.1.0 11.51 96.24 107.75 OK
r-devel-linux-x86_64-debian-gcc 0.1.0 7.21 72.84 80.05 OK
r-devel-linux-x86_64-fedora-clang 0.1.0 136.04 NOTE
r-devel-linux-x86_64-fedora-gcc 0.1.0 127.07 NOTE
r-devel-windows-ix86+x86_64 0.1.0 24.00 104.00 128.00 OK
r-patched-linux-x86_64 0.1.0 7.27 89.03 96.30 OK
r-patched-solaris-x86 0.1.0 169.40 NOTE
r-release-linux-x86_64 0.1.0 9.93 89.42 99.35 OK
r-release-macos-x86_64 0.1.0 NOTE
r-release-windows-ix86+x86_64 0.1.0 26.00 118.00 144.00 OK
r-oldrel-macos-x86_64 0.1.0 NOTE
r-oldrel-windows-ix86+x86_64 0.1.0 18.00 96.00 114.00 OK

Check Details

Version: 0.1.0
Check: dependencies in R code
Result: NOTE
    Namespace in Imports field not imported from: ‘flexsurv’
     All declared Imports should be used.
Flavors: r-devel-linux-x86_64-fedora-clang, r-devel-linux-x86_64-fedora-gcc, r-patched-solaris-x86, r-release-macos-x86_64, r-oldrel-macos-x86_64