CRAN Package Check Results for Package party

Last updated on 2021-01-25 00:48:05 CET.

Flavor Version Tinstall Tcheck Ttotal Status Flags
r-devel-linux-x86_64-debian-clang 1.3-5 21.93 208.58 230.51 OK
r-devel-linux-x86_64-debian-gcc 1.3-5 14.45 155.66 170.11 OK
r-devel-linux-x86_64-fedora-clang 1.3-5 277.79 NOTE
r-devel-linux-x86_64-fedora-gcc 1.3-5 277.67 OK
r-devel-windows-ix86+x86_64 1.3-5 52.00 308.00 360.00 OK
r-patched-linux-x86_64 1.3-5 17.21 191.85 209.06 OK
r-patched-solaris-x86 1.3-5 380.90 OK
r-release-linux-x86_64 1.3-5 17.37 187.73 205.10 WARN
r-release-macos-x86_64 1.3-5 OK
r-release-windows-ix86+x86_64 1.3-5 53.00 365.00 418.00 OK
r-oldrel-macos-x86_64 1.3-5 OK
r-oldrel-windows-ix86+x86_64 1.3-5 39.00 291.00 330.00 OK

Check Details

Version: 1.3-5
Check: Rd cross-references
Result: NOTE
    Undeclared package ‘randomForest’ in Rd xrefs
Flavor: r-devel-linux-x86_64-fedora-clang

Version: 1.3-5
Check: re-building of vignette outputs
Result: WARN
    Error(s) in re-building vignettes:
     ...
    --- re-building ‘MOB.Rnw’ using Sweave
    Loading required package: party
    Loading required package: grid
    Loading required package: mvtnorm
    Loading required package: modeltools
    Loading required package: stats4
    Loading required package: strucchange
    Loading required package: zoo
    
    Attaching package: ‘zoo’
    
    The following objects are masked from ‘package:base’:
    
     as.Date, as.Date.numeric
    
    Loading required package: sandwich
    Error: processing vignette 'MOB.Rnw' failed with diagnostics:
    Running ‘texi2dvi’ on ‘MOB.tex’ failed.
    LaTeX errors:
    ! Undefined control sequence.
    <recently read> \Hy@colorlink
    
    l.76 \begin{document}
    
    ! Undefined control sequence.
    \close@pdflink ->\Hy@endcolorlink
     \Hy@VerboseLinkStop \pdfendlink
    l.76 \begin{document}
    
    ! Undefined control sequence.
    <recently read> \Hy@colorlink
    
    l.76 \begin{document}
    
    ! Undefined control sequence.
    \close@pdflink ->\Hy@endcolorlink
     \Hy@VerboseLinkStop \pdfendlink
    l.76 \begin{document}
    
    ! Undefined control sequence.
    <recently read> \Hy@colorlink
    
    l.76 \begin{document}
    
    ! Undefined control sequence.
    \close@pdflink ->\Hy@endcolorlink
     \Hy@VerboseLinkStop \pdfendlink
    l.76 \begin{document}
    
    ! Undefined control sequence.
    <recently read> \Hy@colorlink
    
    l.76 \begin{document}
    
    ! Undefined control sequence.
    \close@pdflink ->\Hy@endcolorlink
     \Hy@VerboseLinkStop \pdfendlink
    l.76 \begin{document}
    
    --- failed re-building 'MOB.Rnw'
    
    --- re-building ‘party.Rnw’ using Sweave
    Loading required package: party
    Loading required package: grid
    Loading required package: mvtnorm
    Loading required package: modeltools
    Loading required package: stats4
    Loading required package: strucchange
    Loading required package: zoo
    
    Attaching package: ‘zoo’
    
    The following objects are masked from ‘package:base’:
    
     as.Date, as.Date.numeric
    
    Loading required package: sandwich
    Loading required package: coin
    Loading required package: survival
    Error: processing vignette 'party.Rnw' failed with diagnostics:
    Running ‘texi2dvi’ on ‘party.tex’ failed.
    LaTeX errors:
    ! Undefined control sequence.
    <recently read> \Hy@colorlink
    
    l.114 \begin{document}
    
    ! Undefined control sequence.
    \close@pdflink ->\Hy@endcolorlink
     \Hy@VerboseLinkStop \pdfendlink
    l.114 \begin{document}
    
    ! Undefined control sequence.
    <recently read> \Hy@colorlink
    
    l.114 \begin{document}
    
    ! Undefined control sequence.
    \close@pdflink ->\Hy@endcolorlink
     \Hy@VerboseLinkStop \pdfendlink
    l.114 \begin{document}
    
    --- failed re-building ‘party.Rnw’
    
    SUMMARY: processing the following files failed:
     ‘MOB.Rnw’ ‘party.Rnw’
    
    Error: Vignette re-building failed.
    Execution halted
Flavor: r-release-linux-x86_64