CRAN Package Check Results for Package path.chain

Last updated on 2021-01-25 00:48:05 CET.

Flavor Version Tinstall Tcheck Ttotal Status Flags
r-devel-linux-x86_64-debian-clang 0.2.0 2.22 31.99 34.21 OK
r-devel-linux-x86_64-debian-gcc 0.2.0 1.74 25.17 26.91 OK
r-devel-linux-x86_64-fedora-clang 0.2.0 50.19 NOTE
r-devel-linux-x86_64-fedora-gcc 0.2.0 41.81 NOTE
r-devel-windows-ix86+x86_64 0.2.0 6.00 47.00 53.00 OK
r-patched-linux-x86_64 0.2.0 2.47 30.92 33.39 OK
r-patched-solaris-x86 0.2.0 63.80 NOTE
r-release-linux-x86_64 0.2.0 2.09 31.18 33.27 OK
r-release-macos-x86_64 0.2.0 NOTE
r-release-windows-ix86+x86_64 0.2.0 5.00 51.00 56.00 OK
r-oldrel-macos-x86_64 0.2.0 NOTE
r-oldrel-windows-ix86+x86_64 0.2.0 4.00 39.00 43.00 OK

Check Details

Version: 0.2.0
Check: dependencies in R code
Result: NOTE
    Namespace in Imports field not imported from: ‘logger’
     All declared Imports should be used.
Flavors: r-devel-linux-x86_64-fedora-clang, r-devel-linux-x86_64-fedora-gcc, r-patched-solaris-x86, r-release-macos-x86_64, r-oldrel-macos-x86_64