CRAN Package Check Results for Package paths

Last updated on 2021-01-25 00:48:05 CET.

Flavor Version Tinstall Tcheck Ttotal Status Flags
r-devel-linux-x86_64-debian-clang 0.1.0 11.50 101.93 113.43 OK
r-devel-linux-x86_64-debian-gcc 0.1.0 8.35 75.16 83.51 OK
r-devel-linux-x86_64-fedora-clang 0.1.0 140.84 NOTE
r-devel-linux-x86_64-fedora-gcc 0.1.0 130.12 NOTE
r-devel-windows-ix86+x86_64 0.1.0 28.00 107.00 135.00 OK
r-patched-linux-x86_64 0.1.0 10.40 92.12 102.52 OK
r-patched-solaris-x86 0.1.0 189.40 NOTE
r-release-linux-x86_64 0.1.0 9.88 92.91 102.79 OK
r-release-macos-x86_64 0.1.0 NOTE
r-release-windows-ix86+x86_64 0.1.0 26.00 119.00 145.00 OK
r-oldrel-macos-x86_64 0.1.0 NOTE
r-oldrel-windows-ix86+x86_64 0.1.0 18.00 93.00 111.00 OK

Check Details

Version: 0.1.0
Check: dependencies in R code
Result: NOTE
    Namespace in Imports field not imported from: ‘parallel’
     All declared Imports should be used.
Flavors: r-devel-linux-x86_64-fedora-clang, r-devel-linux-x86_64-fedora-gcc, r-patched-solaris-x86, r-release-macos-x86_64, r-oldrel-macos-x86_64