CRAN Package Check Results for Package pdc

Last updated on 2021-01-25 00:48:05 CET.

Flavor Version Tinstall Tcheck Ttotal Status Flags
r-devel-linux-x86_64-debian-clang 1.0.3 9.77 30.44 40.21 OK
r-devel-linux-x86_64-debian-gcc 1.0.3 12.43 23.45 35.88 OK
r-devel-linux-x86_64-fedora-clang 1.0.3 59.54 NOTE
r-devel-linux-x86_64-fedora-gcc 1.0.3 56.40 NOTE
r-devel-windows-ix86+x86_64 1.0.3 34.00 54.00 88.00 OK
r-patched-linux-x86_64 1.0.3 14.39 28.60 42.99 OK
r-patched-solaris-x86 1.0.3 76.60 OK
r-release-linux-x86_64 1.0.3 13.69 28.62 42.31 OK
r-release-macos-x86_64 1.0.3 OK
r-release-windows-ix86+x86_64 1.0.3 25.00 54.00 79.00 OK
r-oldrel-macos-x86_64 1.0.3 OK
r-oldrel-windows-ix86+x86_64 1.0.3 28.00 46.00 74.00 OK

Check Details

Version: 1.0.3
Check: compiled code
Result: NOTE
    File ‘pdc/libs/pdc.so’:
     Found no calls to: ‘R_registerRoutines’, ‘R_useDynamicSymbols’
    
    It is good practice to register native routines and to disable symbol
    search.
    
    See ‘Writing portable packages’ in the ‘Writing R Extensions’ manual.
Flavors: r-devel-linux-x86_64-fedora-clang, r-devel-linux-x86_64-fedora-gcc