CRAN Package Check Results for Package penMSM

Last updated on 2021-01-25 00:48:05 CET.

Flavor Version Tinstall Tcheck Ttotal Status Flags
r-devel-linux-x86_64-debian-clang 0.99 19.16 28.81 47.97 OK
r-devel-linux-x86_64-debian-gcc 0.99 11.01 22.06 33.07 OK
r-devel-linux-x86_64-fedora-clang 0.99 70.87 NOTE
r-devel-linux-x86_64-fedora-gcc 0.99 54.55 NOTE
r-devel-windows-ix86+x86_64 0.99 43.00 69.00 112.00 OK
r-patched-linux-x86_64 0.99 13.65 27.01 40.66 OK
r-patched-solaris-x86 0.99 67.90 OK
r-release-linux-x86_64 0.99 13.67 26.88 40.55 OK
r-release-macos-x86_64 0.99 OK
r-release-windows-ix86+x86_64 0.99 29.00 65.00 94.00 OK
r-oldrel-macos-x86_64 0.99 OK
r-oldrel-windows-ix86+x86_64 0.99 33.00 66.00 99.00 OK

Check Details

Version: 0.99
Check: compiled code
Result: NOTE
    File ‘penMSM/libs/penMSM.so’:
     Found no calls to: ‘R_registerRoutines’, ‘R_useDynamicSymbols’
    
    It is good practice to register native routines and to disable symbol
    search.
    
    See ‘Writing portable packages’ in the ‘Writing R Extensions’ manual.
Flavors: r-devel-linux-x86_64-fedora-clang, r-devel-linux-x86_64-fedora-gcc