CRAN Package Check Results for Package pgirmess

Last updated on 2021-01-25 00:48:05 CET.

Flavor Version Tinstall Tcheck Ttotal Status Flags
r-devel-linux-x86_64-debian-clang 1.6.9 18.17 171.47 189.64 NOTE
r-devel-linux-x86_64-debian-gcc 1.6.9 15.72 128.73 144.45 NOTE
r-devel-linux-x86_64-fedora-clang 1.6.9 233.71 NOTE
r-devel-linux-x86_64-fedora-gcc 1.6.9 222.07 NOTE
r-devel-windows-ix86+x86_64 1.6.9 53.00 206.00 259.00 OK
r-patched-linux-x86_64 1.6.9 15.78 156.15 171.93 NOTE
r-patched-solaris-x86 1.6.9 326.10 NOTE
r-release-linux-x86_64 1.6.9 16.56 155.72 172.28 NOTE
r-release-macos-x86_64 1.6.9 OK
r-release-windows-ix86+x86_64 1.6.9 79.00 240.00 319.00 OK
r-oldrel-macos-x86_64 1.6.9 OK
r-oldrel-windows-ix86+x86_64 1.6.9 37.00 226.00 263.00 OK

Check Details

Version: 1.6.9
Check: for non-standard things in the check directory
Result: NOTE
    Found the following files/directories:
     'Myfile.txt'
Flavors: r-devel-linux-x86_64-debian-clang, r-devel-linux-x86_64-debian-gcc, r-devel-linux-x86_64-fedora-clang, r-devel-linux-x86_64-fedora-gcc, r-patched-linux-x86_64, r-patched-solaris-x86, r-release-linux-x86_64

Version: 1.6.9
Check: Rd cross-references
Result: NOTE
    Undeclared packages ‘classInt’, ‘PMCMR’, ‘agricolae’, ‘plotrix’, ‘AICcmodavg’ in Rd xrefs
Flavor: r-devel-linux-x86_64-fedora-clang