CRAN Package Check Results for Package photosynthesis

Last updated on 2021-01-25 00:48:05 CET.

Flavor Version Tinstall Tcheck Ttotal Status Flags
r-devel-linux-x86_64-debian-clang 2.0.0 11.42 196.77 208.19 OK
r-devel-linux-x86_64-debian-gcc 2.0.0 9.59 139.35 148.94 OK
r-devel-linux-x86_64-fedora-clang 2.0.0 245.32 OK
r-devel-linux-x86_64-fedora-gcc 2.0.0 237.26 OK
r-devel-windows-ix86+x86_64 2.0.0 27.00 237.00 264.00 OK
r-patched-linux-x86_64 2.0.0 10.83 180.23 191.06 OK
r-patched-solaris-x86 2.0.0 574.80 OK
r-release-linux-x86_64 2.0.0 12.24 182.45 194.69 OK
r-release-macos-x86_64 2.0.0 OK
r-release-windows-ix86+x86_64 2.0.0 30.00 276.00 306.00 OK
r-oldrel-macos-x86_64 2.0.0 ERROR
r-oldrel-windows-ix86+x86_64 1.0.2 7.00 126.00 133.00 OK

Check Details

Version: 2.0.0
Check: package dependencies
Result: ERROR
    Packages required and available but unsuitable versions:
     'graphics', 'grDevices', 'stats', 'utils'
    
    See section ‘The DESCRIPTION file’ in the ‘Writing R Extensions’
    manual.
Flavor: r-oldrel-macos-x86_64