CRAN Package Check Results for Package plotMCMC

Last updated on 2021-01-25 00:48:06 CET.

Flavor Version Tinstall Tcheck Ttotal Status Flags
r-devel-linux-x86_64-debian-clang 2.0.1 3.08 47.06 50.14 OK
r-devel-linux-x86_64-debian-gcc 2.0.1 2.28 35.81 38.09 OK
r-devel-linux-x86_64-fedora-clang 2.0.1 68.67 NOTE
r-devel-linux-x86_64-fedora-gcc 2.0.1 59.48 OK
r-devel-windows-ix86+x86_64 2.0.1 14.00 74.00 88.00 OK
r-patched-linux-x86_64 2.0.1 3.02 44.36 47.38 OK
r-patched-solaris-x86 2.0.1 81.90 OK
r-release-linux-x86_64 2.0.1 3.08 45.03 48.11 OK
r-release-macos-x86_64 2.0.1 OK
r-release-windows-ix86+x86_64 2.0.1 6.00 68.00 74.00 OK
r-oldrel-macos-x86_64 2.0.1 OK
r-oldrel-windows-ix86+x86_64 2.0.1 4.00 64.00 68.00 OK

Check Details

Version: 2.0.1
Check: Rd cross-references
Result: NOTE
    Undeclared package ‘scape’ in Rd xrefs
Flavor: r-devel-linux-x86_64-fedora-clang