Last updated on 2021-01-25 00:48:06 CET.
Flavor | Version | Tinstall | Tcheck | Ttotal | Status | Flags |
---|---|---|---|---|---|---|
r-devel-linux-x86_64-debian-clang | 0.1-7 | 2.74 | 20.31 | 23.05 | OK | |
r-devel-linux-x86_64-debian-gcc | 0.1-7 | 2.12 | 15.77 | 17.89 | OK | |
r-devel-linux-x86_64-fedora-clang | 0.1-7 | 36.71 | NOTE | |||
r-devel-linux-x86_64-fedora-gcc | 0.1-7 | 27.38 | NOTE | |||
r-devel-windows-ix86+x86_64 | 0.1-7 | 12.00 | 32.00 | 44.00 | OK | |
r-patched-linux-x86_64 | 0.1-7 | 2.40 | 19.31 | 21.71 | OK | |
r-patched-solaris-x86 | 0.1-7 | 41.20 | OK | |||
r-release-linux-x86_64 | 0.1-7 | 2.59 | 19.43 | 22.02 | OK | |
r-release-macos-x86_64 | 0.1-7 | OK | ||||
r-release-windows-ix86+x86_64 | 0.1-7 | 11.00 | 30.00 | 41.00 | OK | |
r-oldrel-macos-x86_64 | 0.1-7 | OK | ||||
r-oldrel-windows-ix86+x86_64 | 0.1-7 | 12.00 | 53.00 | 65.00 | OK |
Version: 0.1-7
Check: compiled code
Result: NOTE
File ‘png/libs/png.so’:
Found no calls to: ‘R_registerRoutines’, ‘R_useDynamicSymbols’
It is good practice to register native routines and to disable symbol
search.
See ‘Writing portable packages’ in the ‘Writing R Extensions’ manual.
Flavors: r-devel-linux-x86_64-fedora-clang, r-devel-linux-x86_64-fedora-gcc