Last updated on 2021-01-25 00:48:06 CET.
Flavor | Version | Tinstall | Tcheck | Ttotal | Status | Flags |
---|---|---|---|---|---|---|
r-devel-linux-x86_64-debian-clang | 0.0.5 | 5.46 | 54.04 | 59.50 | OK | |
r-devel-linux-x86_64-debian-gcc | 0.0.5 | 4.93 | 40.85 | 45.78 | OK | |
r-devel-linux-x86_64-fedora-clang | 0.0.5 | 77.66 | NOTE | |||
r-devel-linux-x86_64-fedora-gcc | 0.0.5 | 68.76 | NOTE | |||
r-devel-windows-ix86+x86_64 | 0.0.5 | 15.00 | 81.00 | 96.00 | OK | |
r-patched-linux-x86_64 | 0.0.5 | 5.96 | 49.57 | 55.53 | OK | |
r-patched-solaris-x86 | 0.0.5 | 99.40 | WARN | |||
r-release-linux-x86_64 | 0.0.5 | 5.74 | 51.08 | 56.82 | OK | |
r-release-macos-x86_64 | 0.0.5 | WARN | ||||
r-release-windows-ix86+x86_64 | 0.0.5 | 37.00 | 81.00 | 118.00 | OK | |
r-oldrel-macos-x86_64 | 0.0.5 | WARN | ||||
r-oldrel-windows-ix86+x86_64 | 0.0.5 | 10.00 | 66.00 | 76.00 | OK |
Version: 0.0.5
Check: dependencies in R code
Result: NOTE
Namespace in Imports field not imported from: ‘plogr’
All declared Imports should be used.
Flavors: r-devel-linux-x86_64-fedora-clang, r-devel-linux-x86_64-fedora-gcc, r-patched-solaris-x86, r-release-macos-x86_64, r-oldrel-macos-x86_64
Version: 0.0.5
Check: re-building of vignette outputs
Result: WARN
Error(s) in re-building vignettes:
...
--- re-building ‘about-podr.Rmd’ using rmarkdown
Warning in engine$weave(file, quiet = quiet, encoding = enc) :
Pandoc (>= 1.12.3) and/or pandoc-citeproc not available. Falling back to R Markdown v1.
Quitting from lines 42-64 (about-podr.Rmd)
Error: processing vignette 'about-podr.Rmd' failed with diagnostics:
cannot open the connection
--- failed re-building ‘about-podr.Rmd’
SUMMARY: processing the following file failed:
‘about-podr.Rmd’
Error: Vignette re-building failed.
Execution halted
Flavors: r-patched-solaris-x86, r-release-macos-x86_64, r-oldrel-macos-x86_64