Last updated on 2021-01-25 00:48:06 CET.
Flavor | Version | Tinstall | Tcheck | Ttotal | Status | Flags |
---|---|---|---|---|---|---|
r-devel-linux-x86_64-debian-clang | 0.2.0 | 9.13 | 113.41 | 122.54 | OK | |
r-devel-linux-x86_64-debian-gcc | 0.2.0 | 7.83 | 84.51 | 92.34 | OK | |
r-devel-linux-x86_64-fedora-clang | 0.2.0 | 157.15 | NOTE | |||
r-devel-linux-x86_64-fedora-gcc | 0.2.0 | 149.41 | NOTE | |||
r-devel-windows-ix86+x86_64 | 0.2.0 | 23.00 | 146.00 | 169.00 | OK | |
r-patched-linux-x86_64 | 0.2.0 | 8.81 | 106.42 | 115.23 | OK | |
r-patched-solaris-x86 | 0.2.0 | 200.30 | NOTE | |||
r-release-linux-x86_64 | 0.2.0 | 8.72 | 108.64 | 117.36 | OK | |
r-release-macos-x86_64 | 0.2.0 | NOTE | ||||
r-release-windows-ix86+x86_64 | 0.2.0 | 27.00 | 149.00 | 176.00 | OK | |
r-oldrel-macos-x86_64 | 0.2.0 | NOTE | ||||
r-oldrel-windows-ix86+x86_64 | 0.2.0 | 16.00 | 124.00 | 140.00 | OK |
Version: 0.2.0
Check: package dependencies
Result: NOTE
Imports includes 30 non-default packages.
Importing from so many packages makes the package vulnerable to any of
them becoming unavailable. Move as many as possible to Suggests and
use conditionally.
Flavor: r-devel-linux-x86_64-fedora-clang
Version: 0.2.0
Check: dependencies in R code
Result: NOTE
Namespaces in Imports field not imported from:
‘formattable’ ‘rlang’
All declared Imports should be used.
Flavors: r-devel-linux-x86_64-fedora-clang, r-devel-linux-x86_64-fedora-gcc, r-patched-solaris-x86, r-release-macos-x86_64, r-oldrel-macos-x86_64
Version: 0.2.0
Check: data for non-ASCII characters
Result: NOTE
Note: found 144 marked UTF-8 strings
Flavors: r-devel-linux-x86_64-fedora-clang, r-devel-linux-x86_64-fedora-gcc, r-patched-solaris-x86, r-release-macos-x86_64, r-oldrel-macos-x86_64