Last updated on 2021-01-25 00:48:06 CET.
Flavor | Version | Tinstall | Tcheck | Ttotal | Status | Flags |
---|---|---|---|---|---|---|
r-devel-linux-x86_64-debian-clang | 0.1.1 | 3.56 | 33.91 | 37.47 | OK | |
r-devel-linux-x86_64-debian-gcc | 0.1.1 | 2.83 | 26.32 | 29.15 | OK | |
r-devel-linux-x86_64-fedora-clang | 0.1.1 | 53.06 | NOTE | |||
r-devel-linux-x86_64-fedora-gcc | 0.1.1 | 43.64 | OK | |||
r-devel-windows-ix86+x86_64 | 0.1.1 | 9.00 | 47.00 | 56.00 | OK | |
r-patched-linux-x86_64 | 0.1.1 | 3.28 | 32.10 | 35.38 | OK | |
r-patched-solaris-x86 | 0.1.1 | 68.60 | OK | |||
r-release-linux-x86_64 | 0.1.1 | 3.41 | 32.97 | 36.38 | OK | |
r-release-macos-x86_64 | 0.1.1 | OK | ||||
r-release-windows-ix86+x86_64 | 0.1.1 | 17.00 | 55.00 | 72.00 | OK | |
r-oldrel-macos-x86_64 | 0.1.1 | OK | ||||
r-oldrel-windows-ix86+x86_64 | 0.1.1 | 6.00 | 59.00 | 65.00 | OK |
Version: 0.1.1
Check: Rd cross-references
Result: NOTE
Undeclared package ‘purrr’ in Rd xrefs
Flavor: r-devel-linux-x86_64-fedora-clang