Last updated on 2021-01-25 00:48:06 CET.
Flavor | Version | Tinstall | Tcheck | Ttotal | Status | Flags |
---|---|---|---|---|---|---|
r-devel-linux-x86_64-debian-clang | 3.2 | 31.35 | 112.86 | 144.21 | OK | |
r-devel-linux-x86_64-debian-gcc | 3.2 | 21.55 | 83.40 | 104.95 | OK | |
r-devel-linux-x86_64-fedora-clang | 3.2 | 172.22 | OK | |||
r-devel-linux-x86_64-fedora-gcc | 3.2 | 164.31 | OK | |||
r-devel-windows-ix86+x86_64 | 3.2 | 74.00 | 197.00 | 271.00 | OK | |
r-patched-linux-x86_64 | 3.2 | 23.89 | 102.85 | 126.74 | OK | |
r-patched-solaris-x86 | 3.2 | 217.60 | OK | |||
r-release-linux-x86_64 | 3.2 | 23.49 | 104.15 | 127.64 | OK | |
r-release-macos-x86_64 | 3.2 | OK | ||||
r-release-windows-ix86+x86_64 | 3.2 | 57.00 | 232.00 | 289.00 | OK | |
r-oldrel-macos-x86_64 | 3.2 | ERROR | ||||
r-oldrel-windows-ix86+x86_64 | 2.8 | 70.00 | 237.00 | 307.00 | OK |
Version: 3.2
Check: whether package can be installed
Result: ERROR
Installation failed.
Flavor: r-oldrel-macos-x86_64