CRAN Package Check Results for Package poolVIM

Last updated on 2021-01-25 00:48:06 CET.

Flavor Version Tinstall Tcheck Ttotal Status Flags
r-devel-linux-x86_64-debian-clang 1.0.0 12.65 91.27 103.92 OK
r-devel-linux-x86_64-debian-gcc 1.0.0 8.63 68.57 77.20 OK
r-devel-linux-x86_64-fedora-clang 1.0.0 129.80 OK
r-devel-linux-x86_64-fedora-gcc 1.0.0 119.47 OK
r-devel-windows-ix86+x86_64 1.0.0 27.00 116.00 143.00 OK
r-patched-linux-x86_64 1.0.0 8.15 83.82 91.97 OK
r-patched-solaris-x86 1.0.0 166.90 OK
r-release-linux-x86_64 1.0.0 10.48 85.89 96.37 OK
r-release-macos-x86_64 1.0.0 OK
r-release-windows-ix86+x86_64 1.0.0 29.00 110.00 139.00 OK
r-oldrel-macos-x86_64 1.0.0 ERROR
r-oldrel-windows-ix86+x86_64 1.0.0 19.00 103.00 122.00 OK

Check Details

Version: 1.0.0
Check: package dependencies
Result: ERROR
    Package required but not available: ‘EmpiricalBrownsMethod’
    
    See section ‘The DESCRIPTION file’ in the ‘Writing R Extensions’
    manual.
Flavor: r-oldrel-macos-x86_64