CRAN Package Check Results for Package povcalnetR

Last updated on 2021-01-25 00:48:06 CET.

Flavor Version Tinstall Tcheck Ttotal Status Flags
r-devel-linux-x86_64-debian-clang 0.1.1 2.60 34.90 37.50 OK
r-devel-linux-x86_64-debian-gcc 0.1.1 2.20 26.72 28.92 OK
r-devel-linux-x86_64-fedora-clang 0.1.1 53.55 NOTE
r-devel-linux-x86_64-fedora-gcc 0.1.1 46.07 NOTE
r-devel-windows-ix86+x86_64 0.1.1 8.00 53.00 61.00 OK
r-patched-linux-x86_64 0.1.1 2.29 33.17 35.46 OK
r-patched-solaris-x86 0.1.1 68.10 NOTE
r-release-linux-x86_64 0.1.1 2.75 33.23 35.98 OK
r-release-macos-x86_64 0.1.1 NOTE
r-release-windows-ix86+x86_64 0.1.1 23.00 54.00 77.00 OK
r-oldrel-macos-x86_64 0.1.1 NOTE
r-oldrel-windows-ix86+x86_64 0.1.1 4.00 44.00 48.00 OK

Check Details

Version: 0.1.1
Check: dependencies in R code
Result: NOTE
    Namespace in Imports field not imported from: ‘memoise’
     All declared Imports should be used.
Flavors: r-devel-linux-x86_64-fedora-clang, r-devel-linux-x86_64-fedora-gcc, r-patched-solaris-x86, r-release-macos-x86_64, r-oldrel-macos-x86_64