CRAN Package Check Results for Package prcr

Last updated on 2021-01-25 00:48:06 CET.

Flavor Version Tinstall Tcheck Ttotal Status Flags
r-devel-linux-x86_64-debian-clang 0.2.1 4.59 55.48 60.07 OK
r-devel-linux-x86_64-debian-gcc 0.2.1 4.02 42.53 46.55 OK
r-devel-linux-x86_64-fedora-clang 0.2.1 82.48 NOTE
r-devel-linux-x86_64-fedora-gcc 0.2.1 71.05 NOTE
r-devel-windows-ix86+x86_64 0.2.1 14.00 66.00 80.00 OK
r-patched-linux-x86_64 0.2.1 4.48 52.40 56.88 OK
r-patched-solaris-x86 0.2.1 106.50 NOTE
r-release-linux-x86_64 0.2.1 4.91 53.64 58.55 OK
r-release-macos-x86_64 0.2.1 NOTE
r-release-windows-ix86+x86_64 0.2.1 28.00 76.00 104.00 OK
r-oldrel-macos-x86_64 0.2.1 NOTE
r-oldrel-windows-ix86+x86_64 0.2.1 9.00 72.00 81.00 OK

Check Details

Version: 0.2.1
Check: dependencies in R code
Result: NOTE
    Namespaces in Imports field not imported from:
     ‘class’ ‘forcats’ ‘irr’ ‘lpSolve’ ‘purrr’
     All declared Imports should be used.
Flavors: r-devel-linux-x86_64-fedora-clang, r-devel-linux-x86_64-fedora-gcc, r-patched-solaris-x86, r-release-macos-x86_64, r-oldrel-macos-x86_64