CRAN Package Check Results for Package pre

Last updated on 2021-01-25 00:48:06 CET.

Flavor Version Tinstall Tcheck Ttotal Status Flags
r-devel-linux-x86_64-debian-clang 1.0.0 13.52 131.90 145.42 OK
r-devel-linux-x86_64-debian-gcc 1.0.0 11.84 98.93 110.77 OK
r-devel-linux-x86_64-fedora-clang 1.0.0 178.38 NOTE
r-devel-linux-x86_64-fedora-gcc 1.0.0 169.36 OK
r-devel-windows-ix86+x86_64 1.0.0 27.00 146.00 173.00 OK
r-patched-linux-x86_64 1.0.0 12.81 122.86 135.67 OK
r-patched-solaris-x86 1.0.0 247.30 OK
r-release-linux-x86_64 1.0.0 12.69 123.40 136.09 OK
r-release-macos-x86_64 1.0.0 OK
r-release-windows-ix86+x86_64 1.0.0 20.00 172.00 192.00 OK
r-oldrel-macos-x86_64 1.0.0 OK
r-oldrel-windows-ix86+x86_64 1.0.0 19.00 162.00 181.00 OK

Check Details

Version: 1.0.0
Check: Rd cross-references
Result: NOTE
    Undeclared package ‘colorspace’ in Rd xrefs
Flavor: r-devel-linux-x86_64-fedora-clang