Last updated on 2021-01-25 00:48:06 CET.
Flavor | Version | Tinstall | Tcheck | Ttotal | Status | Flags |
---|---|---|---|---|---|---|
r-devel-linux-x86_64-debian-clang | 0.12.0 | 49.87 | 364.35 | 414.22 | OK | |
r-devel-linux-x86_64-debian-gcc | 0.12.0 | 37.90 | 260.83 | 298.73 | OK | |
r-devel-linux-x86_64-fedora-clang | 0.12.0 | 477.00 | WARN | |||
r-devel-linux-x86_64-fedora-gcc | 0.12.0 | 470.35 | OK | |||
r-devel-windows-ix86+x86_64 | 0.12.0 | 116.00 | 584.00 | 700.00 | OK | |
r-patched-linux-x86_64 | 0.12.0 | 44.87 | 335.37 | 380.24 | OK | |
r-patched-solaris-x86 | 0.12.0 | 579.20 | OK | |||
r-release-linux-x86_64 | 0.12.0 | 42.89 | 336.68 | 379.57 | OK | |
r-release-macos-x86_64 | 0.12.0 | OK | ||||
r-release-windows-ix86+x86_64 | 0.12.0 | 118.00 | 703.00 | 821.00 | OK | |
r-oldrel-macos-x86_64 | 0.12.0 | OK | ||||
r-oldrel-windows-ix86+x86_64 | 0.12.0 | 94.00 | 672.00 | 766.00 | OK |
Version: 0.12.0
Check: whether package can be installed
Result: WARN
Found the following significant warnings:
precrec_mmx.cpp:241:10: warning: 'random_shuffle<std::__1::__wrap_iter<int *>, int (&)(int)>' is deprecated [-Wdeprecated-declarations]
Flavor: r-devel-linux-x86_64-fedora-clang
Version: 0.12.0
Check: installed package size
Result: NOTE
installed size is 5.3Mb
sub-directories of 1Mb or more:
doc 1.2Mb
libs 3.2Mb
Flavor: r-devel-linux-x86_64-fedora-clang