Last updated on 2021-01-25 00:48:06 CET.
Flavor | Version | Tinstall | Tcheck | Ttotal | Status | Flags |
---|---|---|---|---|---|---|
r-devel-linux-x86_64-debian-clang | 0.6.1 | 141.05 | 290.39 | 431.44 | NOTE | |
r-devel-linux-x86_64-debian-gcc | 0.6.1 | 114.10 | 227.61 | 341.71 | NOTE | |
r-devel-linux-x86_64-fedora-clang | 0.6.1 | 527.56 | NOTE | |||
r-devel-linux-x86_64-fedora-gcc | 0.6.1 | 565.62 | NOTE | |||
r-devel-windows-ix86+x86_64 | 0.6.1 | 287.00 | 7.00 | 294.00 | ERROR | |
r-patched-linux-x86_64 | 0.6.1 | 100.66 | 295.06 | 395.72 | NOTE | |
r-patched-solaris-x86 | 0.6.1 | 303.60 | NOTE | --no-tests | ||
r-release-linux-x86_64 | 0.6.1 | 96.04 | 298.15 | 394.19 | NOTE | |
r-release-macos-x86_64 | 0.6.1 | NOTE | ||||
r-release-windows-ix86+x86_64 | 0.6.1 | 286.00 | 7.00 | 293.00 | ERROR | |
r-oldrel-macos-x86_64 | 0.6.1 | NOTE | ||||
r-oldrel-windows-ix86+x86_64 | 0.6.1 | 246.00 | 9.00 | 255.00 | ERROR |
Version: 0.6.1
Check: for GNU extensions in Makefiles
Result: NOTE
GNU make is a SystemRequirements.
Flavors: r-devel-linux-x86_64-debian-clang, r-devel-linux-x86_64-debian-gcc, r-devel-linux-x86_64-fedora-clang, r-devel-linux-x86_64-fedora-gcc, r-patched-linux-x86_64, r-release-linux-x86_64, r-release-macos-x86_64, r-oldrel-macos-x86_64
Version: 0.6.1
Check: installed package size
Result: NOTE
installed size is 33.8Mb
sub-directories of 1Mb or more:
libs 33.1Mb
Flavors: r-devel-linux-x86_64-fedora-clang, r-release-macos-x86_64, r-oldrel-macos-x86_64
Version: 0.6.1
Check: dependencies in R code
Result: NOTE
Namespaces in Imports field not imported from:
‘methods’ ‘rstantools’
All declared Imports should be used.
Flavors: r-devel-linux-x86_64-fedora-clang, r-devel-linux-x86_64-fedora-gcc, r-release-macos-x86_64, r-oldrel-macos-x86_64
Version: 0.6.1
Check: whether package can be installed
Result: ERROR
Installation failed.
Flavors: r-devel-windows-ix86+x86_64, r-release-windows-ix86+x86_64, r-oldrel-windows-ix86+x86_64
Version: 0.6.1
Flags: --no-tests
Check: dependencies in R code
Result: NOTE
Namespaces in Imports field not imported from:
‘methods’ ‘rstantools’
All declared Imports should be used.
Flavor: r-patched-solaris-x86
Version: 0.6.1
Flags: --no-tests
Check: for GNU extensions in Makefiles
Result: NOTE
GNU make is a SystemRequirements.
Flavor: r-patched-solaris-x86