CRAN Package Check Results for Package qte

Last updated on 2021-01-25 00:48:07 CET.

Flavor Version Tinstall Tcheck Ttotal Status Flags
r-devel-linux-x86_64-debian-clang 1.3.0 16.31 144.87 161.18 OK
r-devel-linux-x86_64-debian-gcc 1.3.0 12.33 108.67 121.00 OK
r-devel-linux-x86_64-fedora-clang 1.3.0 194.12 NOTE
r-devel-linux-x86_64-fedora-gcc 1.3.0 184.77 NOTE
r-devel-windows-ix86+x86_64 1.3.0 35.00 145.00 180.00 OK
r-patched-linux-x86_64 1.3.0 12.22 131.72 143.94 OK
r-patched-solaris-x86 1.3.0 269.00 NOTE
r-release-linux-x86_64 1.3.0 12.28 132.16 144.44 OK
r-release-macos-x86_64 1.3.0 NOTE
r-release-windows-ix86+x86_64 1.3.0 34.00 172.00 206.00 OK
r-oldrel-macos-x86_64 1.3.0 NOTE
r-oldrel-windows-ix86+x86_64 1.3.0 22.00 157.00 179.00 OK

Check Details

Version: 1.3.0
Check: dependencies in R code
Result: NOTE
    Namespaces in Imports field not imported from:
     ‘knitr’ ‘msm’
     All declared Imports should be used.
Flavors: r-devel-linux-x86_64-fedora-clang, r-devel-linux-x86_64-fedora-gcc, r-patched-solaris-x86, r-release-macos-x86_64, r-oldrel-macos-x86_64