CRAN Package Check Results for Package r3dmol

Last updated on 2021-01-25 00:48:07 CET.

Flavor Version Tinstall Tcheck Ttotal Status Flags
r-devel-linux-x86_64-debian-clang 0.1.0 3.97 41.01 44.98 OK
r-devel-linux-x86_64-debian-gcc 0.1.0 2.90 32.10 35.00 OK
r-devel-linux-x86_64-fedora-clang 0.1.0 63.91 OK
r-devel-linux-x86_64-fedora-gcc 0.1.0 55.16 OK
r-devel-windows-ix86+x86_64 0.1.0 9.00 56.00 65.00 OK
r-patched-linux-x86_64 0.1.0 4.54 40.07 44.61 OK
r-patched-solaris-x86 0.1.0 80.80 WARN
r-release-linux-x86_64 0.1.0 4.29 40.41 44.70 OK
r-release-macos-x86_64 0.1.0 WARN
r-release-windows-ix86+x86_64 0.1.0 6.00 65.00 71.00 OK
r-oldrel-macos-x86_64 0.1.0 WARN
r-oldrel-windows-ix86+x86_64 0.1.0 6.00 66.00 72.00 OK

Check Details

Version: 0.1.0
Check: re-building of vignette outputs
Result: WARN
    Error(s) in re-building vignettes:
     ...
    --- re-building ‘r3dmol.Rmd’ using rmarkdown
    Warning in engine$weave(file, quiet = quiet, encoding = enc) :
     Pandoc (>= 1.12.3) and/or pandoc-citeproc not available. Falling back to R Markdown v1.
    Quitting from lines 34-53 (r3dmol.Rmd)
    Error: processing vignette 'r3dmol.Rmd' failed with diagnostics:
    there is no package called 'webshot'
    --- failed re-building ‘r3dmol.Rmd’
    
    SUMMARY: processing the following file failed:
     ‘r3dmol.Rmd’
    
    Error: Vignette re-building failed.
    Execution halted
Flavor: r-patched-solaris-x86

Version: 0.1.0
Check: re-building of vignette outputs
Result: WARN
    Error(s) in re-building vignettes:
     ...
    --- re-building ‘r3dmol.Rmd’ using rmarkdown
    Warning in engine$weave(file, quiet = quiet, encoding = enc) :
     Pandoc (>= 1.12.3) and/or pandoc-citeproc not available. Falling back to R Markdown v1.
    Quitting from lines 34-53 (r3dmol.Rmd)
    Error: processing vignette 'r3dmol.Rmd' failed with diagnostics:
    cannot open the connection
    --- failed re-building ‘r3dmol.Rmd’
    
    SUMMARY: processing the following file failed:
     ‘r3dmol.Rmd’
    
    Error: Vignette re-building failed.
    Execution halted
Flavors: r-release-macos-x86_64, r-oldrel-macos-x86_64