Last updated on 2021-01-25 00:48:07 CET.
Flavor | Version | Tinstall | Tcheck | Ttotal | Status | Flags |
---|---|---|---|---|---|---|
r-devel-linux-x86_64-debian-clang | 0.1.1 | 2.00 | 24.27 | 26.27 | OK | |
r-devel-linux-x86_64-debian-gcc | 0.1.1 | 1.46 | 19.35 | 20.81 | OK | |
r-devel-linux-x86_64-fedora-clang | 0.1.1 | 41.24 | NOTE | |||
r-devel-linux-x86_64-fedora-gcc | 0.1.1 | 30.71 | NOTE | |||
r-devel-windows-ix86+x86_64 | 0.1.1 | 5.00 | 35.00 | 40.00 | OK | |
r-patched-linux-x86_64 | 0.1.1 | 1.88 | 23.47 | 25.35 | OK | |
r-patched-solaris-x86 | 0.1.1 | 48.30 | NOTE | |||
r-release-linux-x86_64 | 0.1.1 | 1.81 | 23.64 | 25.45 | OK | |
r-release-macos-x86_64 | 0.1.1 | NOTE | ||||
r-release-windows-ix86+x86_64 | 0.1.1 | 32.00 | 40.00 | 72.00 | OK | |
r-oldrel-macos-x86_64 | 0.1.1 | NOTE | ||||
r-oldrel-windows-ix86+x86_64 | 0.1.1 | 3.00 | 42.00 | 45.00 | OK |
Version: 0.1.1
Check: dependencies in R code
Result: NOTE
Namespaces in Imports field not imported from:
‘curl’ ‘jsonlite’
All declared Imports should be used.
Flavors: r-devel-linux-x86_64-fedora-clang, r-devel-linux-x86_64-fedora-gcc, r-patched-solaris-x86, r-release-macos-x86_64, r-oldrel-macos-x86_64