CRAN Package Check Results for Package rankFD

Last updated on 2021-01-25 00:48:07 CET.

Flavor Version Tinstall Tcheck Ttotal Status Flags
r-devel-linux-x86_64-debian-clang 0.0.5 8.84 78.62 87.46 OK
r-devel-linux-x86_64-debian-gcc 0.0.5 8.28 60.81 69.09 OK
r-devel-linux-x86_64-fedora-clang 0.0.5 117.46 OK
r-devel-linux-x86_64-fedora-gcc 0.0.5 107.01 OK
r-devel-windows-ix86+x86_64 0.0.5 22.00 101.00 123.00 OK
r-patched-linux-x86_64 0.0.5 9.39 73.39 82.78 OK
r-patched-solaris-x86 0.0.5 154.70 OK
r-release-linux-x86_64 0.0.5 9.39 74.36 83.75 OK
r-release-macos-x86_64 0.0.5 OK
r-release-windows-ix86+x86_64 0.0.5 17.00 98.00 115.00 OK
r-oldrel-macos-x86_64 0.0.5 NOTE
r-oldrel-windows-ix86+x86_64 0.0.5 16.00 79.00 95.00 OK

Check Details

Version: 0.0.5
Check: dependencies in R code
Result: NOTE
    No protocol specified
Flavor: r-oldrel-macos-x86_64