Last updated on 2021-01-25 00:48:07 CET.
Flavor | Version | Tinstall | Tcheck | Ttotal | Status | Flags |
---|---|---|---|---|---|---|
r-devel-linux-x86_64-debian-clang | 1.10.0 | 3.02 | 33.62 | 36.64 | OK | |
r-devel-linux-x86_64-debian-gcc | 1.10.0 | 2.74 | 26.14 | 28.88 | OK | |
r-devel-linux-x86_64-fedora-clang | 1.10.0 | 53.04 | NOTE | |||
r-devel-linux-x86_64-fedora-gcc | 1.10.0 | 170.82 | NOTE | |||
r-devel-windows-ix86+x86_64 | 1.10.0 | 8.00 | 46.00 | 54.00 | OK | |
r-patched-linux-x86_64 | 1.10.0 | 3.07 | 32.18 | 35.25 | OK | |
r-patched-solaris-x86 | 1.10.0 | 61.50 | NOTE | |||
r-release-linux-x86_64 | 1.10.0 | 3.19 | 32.26 | 35.45 | OK | |
r-release-macos-x86_64 | 1.10.0 | ERROR | ||||
r-release-windows-ix86+x86_64 | 1.10.0 | 21.00 | 53.00 | 74.00 | OK | |
r-oldrel-macos-x86_64 | 1.10.0 | NOTE | ||||
r-oldrel-windows-ix86+x86_64 | 1.10.0 | 5.00 | 54.00 | 59.00 | OK |
Version: 1.10.0
Check: dependencies in R code
Result: NOTE
Namespace in Imports field not imported from: ‘RJDBC’
All declared Imports should be used.
Flavors: r-devel-linux-x86_64-fedora-clang, r-devel-linux-x86_64-fedora-gcc, r-patched-solaris-x86, r-release-macos-x86_64, r-oldrel-macos-x86_64
Version: 1.10.0
Check: tests
Result: ERROR
Running ‘testthat.R’ [42s/62s]
Running the tests in ‘tests/testthat.R’ failed.
Last 13 lines of output:
$ operator is invalid for atomic vectors
Backtrace:
1. testthat::expect_true(is.vector(getRapPackages()))
5. rapbase::getRapPackages()
6. base::sapply(allPkg$Package, isPkgRapReg)
7. base::lapply(X = X, FUN = FUN, ...)
8. rapbase:::FUN(X[[i]], ...)
9. base::grepl(...)
══ testthat results ═══════════════════════════════════════════════════════════
[ OK: 85 | SKIPPED: 3 | WARNINGS: 4 | FAILED: 1 ]
1. Error: Listing of Rapporteket packages is present (@test-miscellaneous-functions.R#4)
Error: testthat unit tests failed
Execution halted
Flavor: r-release-macos-x86_64