Last updated on 2021-01-25 00:48:07 CET.
Flavor | Version | Tinstall | Tcheck | Ttotal | Status | Flags |
---|---|---|---|---|---|---|
r-devel-linux-x86_64-debian-clang | 3.4-5 | 224.24 | 290.17 | 514.41 | OK | |
r-devel-linux-x86_64-debian-gcc | 3.4-5 | 142.89 | 216.53 | 359.42 | OK | |
r-devel-linux-x86_64-fedora-clang | 3.4-5 | 668.99 | NOTE | |||
r-devel-linux-x86_64-fedora-gcc | 3.4-5 | 610.94 | OK | |||
r-devel-windows-ix86+x86_64 | 3.4-5 | 479.00 | 415.00 | 894.00 | NOTE | |
r-patched-linux-x86_64 | 3.4-5 | 173.89 | 273.46 | 447.35 | OK | |
r-patched-solaris-x86 | 3.4-5 | 592.20 | OK | |||
r-release-linux-x86_64 | 3.4-5 | 168.43 | 275.48 | 443.91 | OK | |
r-release-macos-x86_64 | 3.4-5 | NOTE | ||||
r-release-windows-ix86+x86_64 | 3.4-5 | 353.00 | 440.00 | 793.00 | NOTE | |
r-oldrel-macos-x86_64 | 3.4-5 | NOTE | ||||
r-oldrel-windows-ix86+x86_64 | 3.4-5 | 373.00 | 451.00 | 824.00 | NOTE |
Version: 3.4-5
Check: installed package size
Result: NOTE
installed size is 11.2Mb
sub-directories of 1Mb or more:
R 2.6Mb
libs 7.6Mb
Flavors: r-devel-linux-x86_64-fedora-clang, r-devel-windows-ix86+x86_64, r-release-macos-x86_64, r-release-windows-ix86+x86_64, r-oldrel-macos-x86_64, r-oldrel-windows-ix86+x86_64
Version: 3.4-5
Check: dependencies in R code
Result: NOTE
No protocol specified
No protocol specified
Flavor: r-oldrel-macos-x86_64