CRAN Package Check Results for Package red

Last updated on 2021-01-25 00:48:07 CET.

Flavor Version Tinstall Tcheck Ttotal Status Flags
r-devel-linux-x86_64-debian-clang 1.5.0 20.64 201.11 221.75 OK
r-devel-linux-x86_64-debian-gcc 1.5.0 19.27 152.53 171.80 OK
r-devel-linux-x86_64-fedora-clang 1.5.0 279.87 OK
r-devel-linux-x86_64-fedora-gcc 1.5.0 276.59 OK
r-devel-windows-ix86+x86_64 1.5.0 58.00 227.00 285.00 OK
r-patched-linux-x86_64 1.5.0 20.49 186.89 207.38 OK
r-patched-solaris-x86 1.5.0 394.80 OK
r-release-linux-x86_64 1.5.0 19.01 188.13 207.14 OK
r-release-macos-x86_64 1.5.0 OK
r-release-windows-ix86+x86_64 1.5.0 70.00 268.00 338.00 OK
r-oldrel-macos-x86_64 1.5.0 WARN
r-oldrel-windows-ix86+x86_64 1.5.0 42.00 255.00 297.00 OK

Check Details

Version: 1.5.0
Check: whether package can be installed
Result: WARN
    Found the following significant warnings:
     Warning: 'rgl.init' failed, running with 'rgl.useNULL = TRUE'.
Flavor: r-oldrel-macos-x86_64