Last updated on 2021-01-25 00:48:07 CET.
Flavor | Version | Tinstall | Tcheck | Ttotal | Status | Flags |
---|---|---|---|---|---|---|
r-devel-linux-x86_64-debian-clang | 1.0.0 | 63.11 | 181.15 | 244.26 | OK | |
r-devel-linux-x86_64-debian-gcc | 1.0.0 | 38.47 | 130.34 | 168.81 | OK | |
r-devel-linux-x86_64-fedora-clang | 1.0.0 | 305.24 | NOTE | |||
r-devel-linux-x86_64-fedora-gcc | 1.0.0 | 283.83 | NOTE | |||
r-devel-windows-ix86+x86_64 | 1.0.0 | 152.00 | 293.00 | 445.00 | OK | |
r-patched-linux-x86_64 | 1.0.0 | 50.36 | 167.02 | 217.38 | OK | |
r-patched-solaris-x86 | 1.0.0 | 363.10 | NOTE | |||
r-release-linux-x86_64 | 1.0.0 | 46.59 | 166.26 | 212.85 | OK | |
r-release-macos-x86_64 | 1.0.0 | NOTE | ||||
r-release-windows-ix86+x86_64 | 1.0.0 | 144.00 | 336.00 | 480.00 | OK | |
r-oldrel-macos-x86_64 | 1.0.0 | NOTE | ||||
r-oldrel-windows-ix86+x86_64 | 1.0.0 | 118.00 | 322.00 | 440.00 | OK |
Version: 1.0.0
Check: dependencies in R code
Result: NOTE
Namespaces in Imports field not imported from:
‘ggplot2’ ‘gridExtra’
All declared Imports should be used.
Flavors: r-devel-linux-x86_64-fedora-clang, r-devel-linux-x86_64-fedora-gcc, r-patched-solaris-x86, r-release-macos-x86_64, r-oldrel-macos-x86_64