CRAN Package Check Results for Package rematch2

Last updated on 2021-01-25 00:48:08 CET.

Flavor Version Tinstall Tcheck Ttotal Status Flags
r-devel-linux-x86_64-debian-clang 2.1.2 3.05 32.13 35.18 OK
r-devel-linux-x86_64-debian-gcc 2.1.2 2.27 24.96 27.23 OK
r-devel-linux-x86_64-fedora-clang 2.1.2 50.65 NOTE
r-devel-linux-x86_64-fedora-gcc 2.1.2 40.84 OK
r-devel-windows-ix86+x86_64 2.1.2 7.00 41.00 48.00 OK
r-patched-linux-x86_64 2.1.2 3.11 31.13 34.24 OK
r-patched-solaris-x86 2.1.2 63.20 OK
r-release-linux-x86_64 2.1.2 3.11 30.83 33.94 OK
r-release-macos-x86_64 2.1.2 OK
r-release-windows-ix86+x86_64 2.1.2 2.00 7.00 9.00 ERROR
r-oldrel-macos-x86_64 2.1.2 OK
r-oldrel-windows-ix86+x86_64 2.1.2 5.00 49.00 54.00 OK

Check Details

Version: 2.1.2
Check: Rd cross-references
Result: NOTE
    Undeclared package ‘magrittr’ in Rd xrefs
Flavor: r-devel-linux-x86_64-fedora-clang

Version: 2.1.2
Check: whether package can be installed
Result: ERROR
    Installation failed.
Flavor: r-release-windows-ix86+x86_64