Last updated on 2021-01-25 00:48:08 CET.
Flavor | Version | Tinstall | Tcheck | Ttotal | Status | Flags |
---|---|---|---|---|---|---|
r-devel-linux-x86_64-debian-clang | 1.0.0 | 3.28 | 40.35 | 43.63 | OK | |
r-devel-linux-x86_64-debian-gcc | 1.0.0 | 2.72 | 30.88 | 33.60 | OK | |
r-devel-linux-x86_64-fedora-clang | 1.0.0 | 60.78 | NOTE | |||
r-devel-linux-x86_64-fedora-gcc | 1.0.0 | 50.76 | NOTE | |||
r-devel-windows-ix86+x86_64 | 1.0.0 | 8.00 | 50.00 | 58.00 | OK | |
r-patched-linux-x86_64 | 1.0.0 | 3.06 | 39.82 | 42.88 | OK | |
r-patched-solaris-x86 | 1.0.0 | 77.70 | NOTE | |||
r-release-linux-x86_64 | 1.0.0 | 3.24 | 40.45 | 43.69 | OK | |
r-release-macos-x86_64 | 1.0.0 | NOTE | ||||
r-release-windows-ix86+x86_64 | 1.0.0 | 6.00 | 60.00 | 66.00 | OK | |
r-oldrel-macos-x86_64 | 1.0.0 | NOTE | ||||
r-oldrel-windows-ix86+x86_64 | 1.0.0 | 6.00 | 58.00 | 64.00 | OK |
Version: 1.0.0
Check: data for non-ASCII characters
Result: NOTE
Note: found 25 marked UTF-8 strings
Flavors: r-devel-linux-x86_64-fedora-clang, r-devel-linux-x86_64-fedora-gcc, r-patched-solaris-x86, r-release-macos-x86_64, r-oldrel-macos-x86_64