CRAN Package Check Results for Package rfm

Last updated on 2021-01-25 00:48:08 CET.

Flavor Version Tinstall Tcheck Ttotal Status Flags
r-devel-linux-x86_64-debian-clang 0.2.2 3.76 78.96 82.72 OK
r-devel-linux-x86_64-debian-gcc 0.2.2 3.25 58.65 61.90 OK
r-devel-linux-x86_64-fedora-clang 0.2.2 106.53 OK
r-devel-linux-x86_64-fedora-gcc 0.2.2 103.67 OK
r-devel-windows-ix86+x86_64 0.2.2 9.00 102.00 111.00 OK
r-patched-linux-x86_64 0.2.2 3.16 75.82 78.98 OK
r-patched-solaris-x86 0.2.2 130.90 WARN
r-release-linux-x86_64 0.2.2 3.29 74.84 78.13 OK
r-release-macos-x86_64 0.2.2 WARN
r-release-windows-ix86+x86_64 0.2.2 24.00 106.00 130.00 OK
r-oldrel-macos-x86_64 0.2.2 WARN
r-oldrel-windows-ix86+x86_64 0.2.2 7.00 90.00 97.00 OK

Check Details

Version: 0.2.2
Check: re-building of vignette outputs
Result: WARN
    Error(s) in re-building vignettes:
     ...
    --- re-building ‘rfm-customer-level-data.Rmd’ using rmarkdown
    Warning in engine$weave(file, quiet = quiet, encoding = enc) :
     Pandoc (>= 1.12.3) and/or pandoc-citeproc not available. Falling back to R Markdown v1.
    
    Attaching package: 'dplyr'
    
    The following object is masked from 'package:kableExtra':
    
     group_rows
    
    The following objects are masked from 'package:stats':
    
     filter, lag
    
    The following objects are masked from 'package:base':
    
     intersect, setdiff, setequal, union
    
    Quitting from lines 231-254 (rfm-customer-level-data.Rmd)
    Error: processing vignette 'rfm-customer-level-data.Rmd' failed with diagnostics:
    cannot open the connection
    --- failed re-building ‘rfm-customer-level-data.Rmd’
    
    --- re-building ‘rfm-transaction-level-data.Rmd’ using rmarkdown
    Warning in engine$weave(file, quiet = quiet, encoding = enc) :
     Pandoc (>= 1.12.3) and/or pandoc-citeproc not available. Falling back to R Markdown v1.
    
    Attaching package: 'dplyr'
    
    The following object is masked from 'package:kableExtra':
    
     group_rows
    
    The following objects are masked from 'package:stats':
    
     filter, lag
    
    The following objects are masked from 'package:base':
    
     intersect, setdiff, setequal, union
    
    Quitting from lines 227-251 (rfm-transaction-level-data.Rmd)
    Error: processing vignette 'rfm-transaction-level-data.Rmd' failed with diagnostics:
    cannot open the connection
    --- failed re-building ‘rfm-transaction-level-data.Rmd’
    
    SUMMARY: processing the following files failed:
     ‘rfm-customer-level-data.Rmd’ ‘rfm-transaction-level-data.Rmd’
    
    Error: Vignette re-building failed.
    Execution halted
Flavor: r-patched-solaris-x86

Version: 0.2.2
Check: re-building of vignette outputs
Result: WARN
    Error(s) in re-building vignettes:
    --- re-building ‘rfm-customer-level-data.Rmd’ using rmarkdown
    Warning in engine$weave(file, quiet = quiet, encoding = enc) :
     Pandoc (>= 1.12.3) and/or pandoc-citeproc not available. Falling back to R Markdown v1.
    
    Attaching package: 'dplyr'
    
    The following object is masked from 'package:kableExtra':
    
     group_rows
    
    The following objects are masked from 'package:stats':
    
     filter, lag
    
    The following objects are masked from 'package:base':
    
     intersect, setdiff, setequal, union
    
    Quitting from lines 231-254 (rfm-customer-level-data.Rmd)
    Error: processing vignette 'rfm-customer-level-data.Rmd' failed with diagnostics:
    cannot open the connection
    --- failed re-building ‘rfm-customer-level-data.Rmd’
    
    --- re-building ‘rfm-transaction-level-data.Rmd’ using rmarkdown
    Warning in engine$weave(file, quiet = quiet, encoding = enc) :
     Pandoc (>= 1.12.3) and/or pandoc-citeproc not available. Falling back to R Markdown v1.
    
    Attaching package: 'dplyr'
    
    The following object is masked from 'package:kableExtra':
    
     group_rows
    
    The following objects are masked from 'package:stats':
    
     filter, lag
    
    The following objects are masked from 'package:base':
    
     intersect, setdiff, setequal, union
    
    Quitting from lines 227-251 (rfm-transaction-level-data.Rmd)
    Error: processing vignette 'rfm-transaction-level-data.Rmd' failed with diagnostics:
    cannot open the connection
    --- failed re-building ‘rfm-transaction-level-data.Rmd’
    
    SUMMARY: processing the following files failed:
     ‘rfm-customer-level-data.Rmd’ ‘rfm-transaction-level-data.Rmd’
    
    Error: Vignette re-building failed.
    Execution halted
Flavors: r-release-macos-x86_64, r-oldrel-macos-x86_64