Last updated on 2021-01-25 00:48:08 CET.
Flavor | Version | Tinstall | Tcheck | Ttotal | Status | Flags |
---|---|---|---|---|---|---|
r-devel-linux-x86_64-debian-clang | 0.5-5 | 16.43 | 65.88 | 82.31 | OK | |
r-devel-linux-x86_64-debian-gcc | 0.5-5 | 12.62 | 51.04 | 63.66 | OK | |
r-devel-linux-x86_64-fedora-clang | 0.5-5 | 106.35 | OK | |||
r-devel-linux-x86_64-fedora-gcc | 0.5-5 | 97.02 | OK | |||
r-devel-windows-ix86+x86_64 | 0.5-5 | 60.00 | 133.00 | 193.00 | NOTE | |
r-patched-linux-x86_64 | 0.5-5 | 13.07 | 62.92 | 75.99 | OK | |
r-patched-solaris-x86 | 0.5-5 | 122.40 | OK | |||
r-release-linux-x86_64 | 0.5-5 | 15.77 | 63.23 | 79.00 | OK | |
r-release-macos-x86_64 | 0.5-5 | NOTE | ||||
r-release-windows-ix86+x86_64 | 0.5-5 | 55.00 | 136.00 | 191.00 | NOTE | |
r-oldrel-macos-x86_64 | 0.5-5 | NOTE | ||||
r-oldrel-windows-ix86+x86_64 | 0.5-5 | 41.00 | 140.00 | 181.00 | OK |
Version: 0.5-5
Check: installed package size
Result: NOTE
installed size is 5.1Mb
sub-directories of 1Mb or more:
libs 4.2Mb
Flavors: r-devel-windows-ix86+x86_64, r-release-macos-x86_64, r-release-windows-ix86+x86_64, r-oldrel-macos-x86_64