CRAN Package Check Results for Package rhierbaps

Last updated on 2021-01-25 00:48:08 CET.

Flavor Version Tinstall Tcheck Ttotal Status Flags
r-devel-linux-x86_64-debian-clang 1.1.3 5.53 336.25 341.78 OK
r-devel-linux-x86_64-debian-gcc 1.1.3 4.13 252.09 256.22 OK
r-devel-linux-x86_64-fedora-clang 1.1.3 415.13 OK
r-devel-linux-x86_64-fedora-gcc 1.1.3 422.84 OK
r-devel-windows-ix86+x86_64 1.1.3 15.00 463.00 478.00 OK
r-patched-linux-x86_64 1.1.3 5.34 333.57 338.91 OK
r-patched-solaris-x86 1.1.3 1061.80 OK
r-release-linux-x86_64 1.1.3 5.68 337.31 342.99 OK
r-release-macos-x86_64 1.1.3 WARN
r-release-windows-ix86+x86_64 1.1.3 15.00 505.00 520.00 OK
r-oldrel-macos-x86_64 1.1.3 OK
r-oldrel-windows-ix86+x86_64 1.1.3 10.00 524.00 534.00 OK

Check Details

Version: 1.1.3
Check: package dependencies
Result: NOTE
    Package suggested but not available for checking: ‘ggtree’
Flavor: r-release-macos-x86_64

Version: 1.1.3
Check: re-building of vignette outputs
Result: WARN
    Error(s) in re-building vignettes:
     ...
    --- re-building ‘introduction.Rmd’ using rmarkdown
    Warning in engine$weave(file, quiet = quiet, encoding = enc) :
     Pandoc (>= 1.12.3) and/or pandoc-citeproc not available. Falling back to R Markdown v1.
    Quitting from lines 40-46 (introduction.Rmd)
    Error: processing vignette 'introduction.Rmd' failed with diagnostics:
    there is no package called 'ggtree'
    --- failed re-building ‘introduction.Rmd’
    
    SUMMARY: processing the following file failed:
     ‘introduction.Rmd’
    
    Error: Vignette re-building failed.
    Execution halted
Flavor: r-release-macos-x86_64