Last updated on 2021-01-25 00:48:08 CET.
Flavor | Version | Tinstall | Tcheck | Ttotal | Status | Flags |
---|---|---|---|---|---|---|
r-devel-linux-x86_64-debian-clang | 0.1.2 | 14.10 | 97.99 | 112.09 | NOTE | |
r-devel-linux-x86_64-debian-gcc | 0.1.2 | 10.40 | 72.00 | 82.40 | NOTE | |
r-devel-linux-x86_64-fedora-clang | 0.1.2 | 135.19 | NOTE | |||
r-devel-linux-x86_64-fedora-gcc | 0.1.2 | 127.98 | NOTE | |||
r-devel-windows-ix86+x86_64 | 0.1.2 | 26.00 | 104.00 | 130.00 | NOTE | |
r-patched-linux-x86_64 | 0.1.2 | 11.80 | 88.64 | 100.44 | NOTE | |
r-patched-solaris-x86 | 0.1.2 | 161.30 | NOTE | |||
r-release-linux-x86_64 | 0.1.2 | 11.22 | 90.05 | 101.27 | NOTE | |
r-release-macos-x86_64 | 0.1.2 | NOTE | ||||
r-release-windows-ix86+x86_64 | 0.1.2 | 22.00 | 123.00 | 145.00 | NOTE | |
r-oldrel-macos-x86_64 | 0.1.2 | ERROR | ||||
r-oldrel-windows-ix86+x86_64 | 0.1.2 | 18.00 | 98.00 | 116.00 | NOTE |
Version: 0.1.2
Check: package dependencies
Result: NOTE
Packages suggested but not available for checking:
'mimic.demo', 'eicu.demo'
Flavors: r-devel-linux-x86_64-debian-clang, r-devel-linux-x86_64-debian-gcc, r-devel-linux-x86_64-fedora-clang, r-devel-linux-x86_64-fedora-gcc, r-devel-windows-ix86+x86_64, r-patched-linux-x86_64, r-patched-solaris-x86, r-release-linux-x86_64, r-release-macos-x86_64, r-release-windows-ix86+x86_64, r-oldrel-macos-x86_64, r-oldrel-windows-ix86+x86_64
Version: 0.1.2
Check: whether package can be installed
Result: ERROR
Installation failed.
Flavor: r-oldrel-macos-x86_64