CRAN Package Check Results for Package rmapzen

Last updated on 2021-01-25 00:48:08 CET.

Flavor Version Tinstall Tcheck Ttotal Status Flags
r-devel-linux-x86_64-debian-clang 0.4.2 4.16 107.48 111.64 OK
r-devel-linux-x86_64-debian-gcc 0.4.2 3.94 77.63 81.57 OK
r-devel-linux-x86_64-fedora-clang 0.4.2 136.16 NOTE
r-devel-linux-x86_64-fedora-gcc 0.4.2 131.11 NOTE
r-devel-windows-ix86+x86_64 0.4.2 10.00 126.00 136.00 OK
r-patched-linux-x86_64 0.4.2 4.90 100.83 105.73 OK
r-patched-solaris-x86 0.4.2 160.60 NOTE
r-release-linux-x86_64 0.4.2 4.03 102.52 106.55 OK
r-release-macos-x86_64 0.4.2 NOTE
r-release-windows-ix86+x86_64 0.4.2 30.00 144.00 174.00 OK
r-oldrel-macos-x86_64 0.4.2 NOTE
r-oldrel-windows-ix86+x86_64 0.4.2 6.00 130.00 136.00 OK

Check Details

Version: 0.4.2
Check: data for non-ASCII characters
Result: NOTE
     Note: found 31 marked UTF-8 strings
Flavors: r-devel-linux-x86_64-fedora-clang, r-devel-linux-x86_64-fedora-gcc, r-patched-solaris-x86, r-release-macos-x86_64, r-oldrel-macos-x86_64

Version: 0.4.2
Check: dependencies in R code
Result: NOTE
    Missing or unexported object: ‘tidyr::one_of’
Flavor: r-oldrel-macos-x86_64