Last updated on 2021-01-25 00:48:08 CET.
Flavor | Version | Tinstall | Tcheck | Ttotal | Status | Flags |
---|---|---|---|---|---|---|
r-devel-linux-x86_64-debian-clang | 1.2.4 | 409.92 | 215.31 | 625.23 | NOTE | |
r-devel-linux-x86_64-debian-gcc | 1.2.4 | 301.99 | 173.93 | 475.92 | NOTE | |
r-devel-linux-x86_64-fedora-clang | 1.2.4 | 823.74 | NOTE | |||
r-devel-linux-x86_64-fedora-gcc | 1.2.4 | 826.28 | NOTE | |||
r-devel-windows-ix86+x86_64 | 1.2.4 | 792.00 | 440.00 | 1232.00 | NOTE | |
r-patched-linux-x86_64 | 1.2.4 | 277.72 | 223.92 | 501.64 | NOTE | |
r-patched-solaris-x86 | 1.2.4 | 809.50 | NOTE | |||
r-release-linux-x86_64 | 1.2.4 | 285.36 | 223.07 | 508.43 | NOTE | |
r-release-macos-x86_64 | 1.2.4 | NOTE | ||||
r-release-windows-ix86+x86_64 | 1.2.4 | 767.00 | 490.00 | 1257.00 | NOTE | |
r-oldrel-macos-x86_64 | 1.2.4 | ERROR | ||||
r-oldrel-windows-ix86+x86_64 | 1.2.3 | 773.00 | 435.00 | 1208.00 | NOTE |
Version: 1.2.4
Check: for GNU extensions in Makefiles
Result: NOTE
GNU make is a SystemRequirements.
Flavors: r-devel-linux-x86_64-debian-clang, r-devel-linux-x86_64-debian-gcc, r-devel-linux-x86_64-fedora-clang, r-devel-linux-x86_64-fedora-gcc, r-devel-windows-ix86+x86_64, r-patched-linux-x86_64, r-patched-solaris-x86, r-release-linux-x86_64, r-release-macos-x86_64, r-release-windows-ix86+x86_64
Version: 1.2.4
Check: installed package size
Result: NOTE
installed size is 76.0Mb
sub-directories of 1Mb or more:
libs 75.2Mb
Flavors: r-devel-linux-x86_64-fedora-clang, r-devel-windows-ix86+x86_64, r-release-macos-x86_64, r-release-windows-ix86+x86_64
Version: 1.2.4
Check: dependencies in R code
Result: NOTE
Namespace in Imports field not imported from: ‘RcppParallel’
All declared Imports should be used.
Flavors: r-devel-linux-x86_64-fedora-clang, r-devel-linux-x86_64-fedora-gcc, r-patched-solaris-x86, r-release-macos-x86_64
Version: 1.2.4
Check: whether package can be installed
Result: ERROR
Installation failed.
Flavor: r-oldrel-macos-x86_64
Version: 1.2.3
Check: installed package size
Result: NOTE
installed size is 7.0Mb
sub-directories of 1Mb or more:
libs 6.4Mb
Flavor: r-oldrel-windows-ix86+x86_64
Version: 1.2.3
Check: for GNU extensions in Makefiles
Result: NOTE
GNU make is a SystemRequirements.
Flavor: r-oldrel-windows-ix86+x86_64