CRAN Package Check Results for Package rmdformats

Last updated on 2021-01-25 00:48:08 CET.

Flavor Version Tinstall Tcheck Ttotal Status Flags
r-devel-linux-x86_64-debian-clang 1.0.1 3.62 30.88 34.50 OK
r-devel-linux-x86_64-debian-gcc 1.0.1 2.52 24.09 26.61 OK
r-devel-linux-x86_64-fedora-clang 1.0.1 48.83 OK
r-devel-linux-x86_64-fedora-gcc 1.0.1 39.22 OK
r-devel-windows-ix86+x86_64 1.0.1 8.00 44.00 52.00 OK
r-patched-linux-x86_64 1.0.1 3.21 29.41 32.62 OK
r-patched-solaris-x86 1.0.1 62.40 NOTE
r-release-linux-x86_64 1.0.1 2.83 29.79 32.62 OK
r-release-macos-x86_64 1.0.1 OK
r-release-windows-ix86+x86_64 1.0.1 7.00 35.00 42.00 OK
r-oldrel-macos-x86_64 1.0.1 OK
r-oldrel-windows-ix86+x86_64 1.0.1 5.00 48.00 53.00 OK

Check Details

Version: 1.0.1
Check: installed package size
Result: NOTE
     installed size is 5.9Mb
     sub-directories of 1Mb or more:
     templates 5.4Mb
Flavor: r-patched-solaris-x86