Last updated on 2021-01-25 00:48:08 CET.
Flavor | Version | Tinstall | Tcheck | Ttotal | Status | Flags |
---|---|---|---|---|---|---|
r-devel-linux-x86_64-debian-clang | 0.0.1 | 268.32 | 164.79 | 433.11 | NOTE | |
r-devel-linux-x86_64-debian-gcc | 0.0.1 | 216.33 | 130.72 | 347.05 | NOTE | |
r-devel-linux-x86_64-fedora-clang | 0.0.1 | 572.18 | NOTE | |||
r-devel-linux-x86_64-fedora-gcc | 0.0.1 | 589.58 | NOTE | |||
r-devel-windows-ix86+x86_64 | 0.0.1 | 575.00 | 273.00 | 848.00 | NOTE | |
r-patched-linux-x86_64 | 0.0.1 | 190.86 | 162.25 | 353.11 | NOTE | |
r-patched-solaris-x86 | 0.0.1 | 605.10 | NOTE | |||
r-release-linux-x86_64 | 0.0.1 | 186.65 | 164.41 | 351.06 | NOTE | |
r-release-macos-x86_64 | 0.0.1 | NOTE | ||||
r-release-windows-ix86+x86_64 | 0.0.1 | 585.00 | 307.00 | 892.00 | NOTE | |
r-oldrel-macos-x86_64 | 0.0.1 | NOTE | ||||
r-oldrel-windows-ix86+x86_64 | 0.0.1 | 450.00 | 271.00 | 721.00 | NOTE |
Version: 0.0.1
Check: for GNU extensions in Makefiles
Result: NOTE
GNU make is a SystemRequirements.
Flavors: r-devel-linux-x86_64-debian-clang, r-devel-linux-x86_64-debian-gcc, r-devel-linux-x86_64-fedora-clang, r-devel-linux-x86_64-fedora-gcc, r-devel-windows-ix86+x86_64, r-patched-linux-x86_64, r-patched-solaris-x86, r-release-linux-x86_64, r-release-macos-x86_64, r-release-windows-ix86+x86_64, r-oldrel-macos-x86_64, r-oldrel-windows-ix86+x86_64
Version: 0.0.1
Check: installed package size
Result: NOTE
installed size is 49.6Mb
sub-directories of 1Mb or more:
libs 49.1Mb
Flavors: r-devel-linux-x86_64-fedora-clang, r-devel-windows-ix86+x86_64, r-release-macos-x86_64, r-release-windows-ix86+x86_64, r-oldrel-macos-x86_64, r-oldrel-windows-ix86+x86_64
Version: 0.0.1
Check: dependencies in R code
Result: NOTE
Namespaces in Imports field not imported from:
‘RcppParallel’ ‘rstantools’
All declared Imports should be used.
Flavors: r-devel-linux-x86_64-fedora-clang, r-devel-linux-x86_64-fedora-gcc, r-patched-solaris-x86, r-release-macos-x86_64, r-oldrel-macos-x86_64
Version: 0.0.1
Check: Rd cross-references
Result: NOTE
Undeclared package ‘coda’ in Rd xrefs
Flavor: r-devel-linux-x86_64-fedora-clang
Version: 0.0.1
Check: R code for possible problems
Result: NOTE
blrmStats: no visible global function definition for ‘plot’
Undefined global functions or variables:
plot
Consider adding
importFrom("graphics", "plot")
to your NAMESPACE file.
Flavors: r-oldrel-macos-x86_64, r-oldrel-windows-ix86+x86_64